ctors of n?
5
Let k = -84 + 160. List the prime factors of k.
2, 19
Let v(i) = -i**2 + 12*i + 17. List the prime factors of v(8).
7
Let h = 14 - -19. What are the prime factors of h?
3, 11
Let b be 1 - (-3 - -6) - 4. Let a be 6 - (-2)/(b/9). Let i = a - -13. What are the prime factors of i?
2
Suppose -22 = -4*o + 38. Let k = 18 + -13. Suppose 0 = k*u - 3*h - 70, 0 = -3*h - o - 0. List the prime factors of u.
11
Suppose 2*v - 2*y = 3*v + 5, -2*v + 5*y = -35. Suppose -4*p - 3*o + 81 = 0, 0*o - 115 = -v*p - o. List the prime factors of p.
2, 3
Suppose 4*k = -3*a + 76, a + 2*k - k = 25. List the prime factors of a.
2, 3
Let p(s) = -2*s. Let c be p(-1). Suppose -r - 46 = -2*t - 3*r, 0 = -5*t - c*r + 100. What are the prime factors of t?
2, 3
Let w(l) = -2*l - 15. Let d be w(-10). Suppose f = -3 + d. What are the prime factors of f*(1 + 0) - -4?
2, 3
Let q(t) = -t - 4. Suppose -2*y - f + 8 = -1, y - 3*f = 22. Let i(j) = -j - 3. Let o be i(y). List the prime factors of q(o).
2, 3
Let b(x) = -x**2 - 17*x - 12. What are the prime factors of b(-8)?
2, 3, 5
Let z = 25 + -15. Suppose -3*l - 5*i = -25, 4*i - z = -4*l + 2*i. Let d = 3 - l. What are the prime factors of d?
3
Let j(f) = -13*f + 3. List the prime factors of j(-2).
29
Let g(l) = l - 2. Let o be g(-6). Let h = 0 - o. Let s = 14 - h. What are the prime factors of s?
2, 3
Let u(v) = v**3 - 15*v**2 + 15*v - 13. Let a be u(14). What are the prime factors of (a - 0)*-2 + 54?
2, 13
Let n = -15 + 28. Let u = n + 3. List the prime factors of (-9)/(-12) - (-212)/u.
2, 7
Suppose 3*b - b = o + 58, b + 4*o - 20 = 0. What are the prime factors of (-1 + 2)/(4/b)?
7
Suppose -3*m - 3*x - 2 = 1, 5*m + 4*x + 1 = 0. Suppose 3*q = -m*n + 108, -4*n + 68 = -2*n + q. What are the prime factors of n?
2
Let u(z) = 2*z**2 + 5*z - 7. Let v(n) = n**2 + n. Let b(i) = -u(i) + v(i). List the prime factors of b(-5).
2
Let s = -87 - -149. What are the prime factors of s?
2, 31
Let j = -10 + 24. Let m = 29 - j. List the prime factors of m.
3, 5
Suppose 13*c - 36 = 10*c. List the prime factors of c.
2, 3
List the prime factors of 1*166 - (6 - 1).
7, 23
Let w(r) = -r**3 + 7*r**2 - 6*r + 2. Let c be w(6). Suppose c*p = 3*p - 5. What are the prime factors of 1/(-5) + 51/p?
2, 5
Let r = 4 + -4. Suppose r*k = k - 4. Suppose 4*q + 5*g - 22 = 7, 0 = k*q - 2*g - 50. What are the prime factors of q?
11
Let r(a) = 122*a**3 - a**2. Let m be r(1). Suppose -m + 34 = -3*w. What are the prime factors of w?
29
Suppose -2*h = h. Let n = 6 + h. Suppose -2*c - 40 = -n*c. What are the prime factors of c?
2, 5
Let s(z) = z**3 + 6*z**2 - 8*z + 3. Let d(n) = n - 12. Let y be d(10). Let f be (-4 + -3)*(-1 - y). List the prime factors of s(f).
2, 5
Let s = 712 - 475. What are the prime factors of s?
3, 79
Let p = -1 - -2. Suppose 5*c + 37 = 3*a, c + 0 + 21 = 4*a. Suppose -3*b - i + 16 = -0*i, p = 3*b + a*i. List the prime factors of b.
7
Let z(g) = -3*g**2 - 4*g - 2. Let c be z(-2). Let b(q) = -5*q + 18. List the prime factors of b(c).
2, 3
Suppose 3*d = 2*v + 5*d - 78, -4*v = d - 144. List the prime factors of v.
5, 7
Let n = 7 + -21. Let s be 4/n + (-116)/(-14). Let w(l) = -l**2 + 8*l + 11. List the prime factors of w(s).
11
Let n = -38 + 64. What are the prime factors of n?
2, 13
Suppose -v + 2 = -0, v = -4*u - 6. Let f = u + 7. List the prime factors of f.
5
What are the prime factors of (-60 + -4)*(-3)/6?
2
Let b(x) = -3 - 4 + 3 + x - 20*x. List the prime factors of b(-2).
2, 17
Let w = 457 - 249. List the prime factors of w.
2, 13
Let s = -199 - -475. List the prime factors of s.
2, 3, 23
List the prime factors of 870/18 + (-2)/6.
2, 3
Suppose 5*d + 27 = 3*s, -13 + 5 = -2*s. Let u = d - -9. List the prime factors of u.
2, 3
Suppose 4*q + 2 = 10. Suppose -7*r + 8*r = -2*c + 31, -r = -5*c - 10. Suppose 2*y = 6*t - t + 24, r = 3*y - q*t. List the prime factors of y.
7
Let r(d) = -d**2 - 11*d - 4. Let q be r(-8). Suppose -20 = -3*p + 5*s, -p = -6*p - 5*s - q. Suppose 2*i - 6 = -g - p*g, 4*i = 8. List the prime factors of g.
2
Let x = 41 - 16. What are the prime factors of x?
5
Suppose -b = -5*b + 12. Suppose -5*t + b*h + 13 = 0, -t - h + 6 = -3. What are the prime factors of t?
5
Let v(w) = -5*w**2 - 6*w - 5. Let z(f) = 9*f**2 + 13*f + 10. Let q(x) = 7*v(x) + 4*z(x). What are the prime factors of q(-10)?
5
Suppose 3*w - w = -3*g + 32, 0 = 5*g + w - 51. Let j = 17 - g. What are the prime factors of j?
7
Let p = 5 + -4. Let w be ((-2)/4)/((-6)/(-72)). Let m = p - w. List the prime factors of m.
7
Suppose -16 = -5*h - 1. Let b(a) = -5*a - h*a - 3*a. What are the prime factors of b(-1)?
11
Let l = 175 + -80. List the prime factors of l.
5, 19
Let k(m) = -2*m + 16. What are the prime factors of k(-6)?
2, 7
Let d = 112 - -23. What are the prime factors of d?
3, 5
Let t(x) = -2*x + 2. Suppose 2*o - 51 = 5*j - 2*o, 5*o + 8 = -4*j. What are the prime factors of t(j)?
2
Suppose -3*p + 3*t + 9 = -0, 4*t + 12 = -4*p. Let z = -19 - -31. Suppose -u = -p*u - z. What are the prime factors of u?
2, 3
Let o = -11 + 20. Suppose 0 = 3*i - 6*i + o. What are the prime factors of i?
3
List the prime factors of (196/16)/(-1 + 5/4).
7
Let l(s) = s + 6. Let y(i) = 2*i + 12. Let u(w) = 13*l(w) - 6*y(w). Let b be u(-5). What are the prime factors of b/(3 - (-16)/(-6))?
3
Let s(j) = j**3 - 9*j**2 + 9*j + 5. Let r be 2/(-8) + 165/20. List the prime factors of s(r).
13
Let r(z) = z - 3. Let a be r(-3). Suppose -153 + 45 = -4*w. What are the prime factors of w/6*(-8)/a?
2, 3
Let z = 11 + -9. Suppose 0 = -z*k - 3*k + 15. List the prime factors of k.
3
Suppose 0 + 4 = 4*n. Let z(i) = n - 3 + i - 1 - 2*i. What are the prime factors of z(-6)?
3
Suppose 13 = -4*u - 11. Let l be (1 + 1)/((-3)/u). Suppose 22 = q + 4*a, 3 - 1 = -q + l*a. What are the prime factors of q?
2, 5
Let q be (-8)/(-3 + 38/14). Suppose -3*t = -q - 26. List the prime factors of t.
2, 3
Let x = -21 - -24. What are the prime factors of x?
3
Suppose 0 = 6*i - 2*i - 4. What are the prime factors of i/(-3)*(-15 + -3)?
2, 3
Suppose 3*k + 3*j - 39 = 18, 4*k - 73 = -3*j. What are the prime factors of k?
2
Let i(n) = -n - 2. Let f be i(-6). Suppose -72 = -f*l + 56. What are the prime factors of l?
2
Let b(n) be the first derivative of 1/2*n**2 - 4/3*n**3 + 2*n + 1/4*n**4 + 2. What are the prime factors of b(4)?
2, 3
Suppose 3 = 2*o + 1, -3*w - 85 = -4*o. List the prime factors of (-6)/w + 212/18.
2, 3
Suppose 3*i = 15, 0 = -5*z + 5*i + 11 - 1. Let d = -14 - -18. Suppose z = x - d. What are the prime factors of x?
11
Let m = -60 - -15. Let h = -22 - m. What are the prime factors of h?
23
Let i(j) = -5*j + 2*j + 5*j**3 + 4*j. Let l be i(1). List the prime factors of (-4)/l - (-64)/6.
2, 5
Let z be (-15)/(-6) + 1/(-2). Suppose -4*b + 48 = 4*h, -3*h + 3*b + 32 = z*b. List the prime factors of h.
11
Let p = -12 - -10. What are the prime factors of (2/5)/(p/(-40))?
2
Suppose -s = -4*m - 14, s = -0*s + m + 5. Suppose 7 - 49 = -s*g. What are the prime factors of g?
3, 7
Let j = 101 + -64. Let c = 25 - j. List the prime factors of ((-15)/9 - -1)*c.
2
Let i(u) = u**3 - 7*u**2 + 7*u. What are the prime factors of i(6)?
2, 3
Suppose 444 = 6*t - 2*t. List the prime factors of t.
3, 37
Let r(n) = -n**3 + 8*n**2 + 10*n - 2. What are the prime factors of r(9)?
7
Let f = -1091 + 1671. List the prime factors of (-2)/(5/(f/(-8))).
29
Suppose -2*p + 0*y - 5*y + 15 = 0, 36 = 4*p + 4*y. Suppose -5*i - p = -6*i. What are the prime factors of i?
2, 5
Let y(x) = -11*x - 1. What are the prime factors of y(-8)?
3, 29
Let i be 1/(-2) - (-15)/6. Suppose 3*u + 2*d - 26 = u, i*u - 5*d - 26 = 0. List the prime factors of u.
13
Let x = 145 + -76. What are the prime factors of x?
3, 23
Let q = 495 + -267. Suppose -2*r = 2*r + 4*t - q, -2*t = -3*r + 166. Suppose 0 = 4*h + 5*g - r, -2*g + 56 = 4*h - 0*g. What are the prime factors of h?
2, 7
Suppose -9*b + 475 + 506 = 0. What are the prime factors of b?
109
What are the prime factors of 1 + 4 + 0 + 34?
3, 13
Let q = -16 + 178. List the prime factors of q.
2, 3
Suppose 5*o + 147 = -103. Let i = -15 - o. List the prime factors of i.
5, 7
Suppose -4*s + 99 = 2*a - 139, 0 = -4*a + 4*s + 428. List the prime factors of a.
3, 37
Let n(u) = -4*u - 5. Suppose -5*o - 23 - 17 = 0. List the prime factors of n(o).
3
Let